{"id":1359,"date":"2016-11-28T09:36:34","date_gmt":"2016-11-28T07:36:34","guid":{"rendered":"http:\/\/www.biltech.net\/?page_id=1359"},"modified":"2016-12-01T12:54:53","modified_gmt":"2016-12-01T10:54:53","slug":"mekanik-tesisat-uygulamalari","status":"publish","type":"page","link":"http:\/\/www.biltech.net\/index.php\/mekanik-tesisat-uygulamalari\/","title":{"rendered":"MEKAN\u0130K TES\u0130SAT UYGULAMALARIMIZ"},"content":{"rendered":"<table width=\"662\">\n<tbody>\n<tr>\n<td width=\"331\">\n<ul>\n<li>Havaland\u0131rma Tesisat\u0131<\/li>\n<\/ul>\n<\/td>\n<td width=\"331\">\n<ul>\n<li>G\u00fcne\u015f Enerji Sistemi<\/li>\n<\/ul>\n<\/td>\n<\/tr>\n<tr>\n<td width=\"331\">\n<ul>\n<li>Is\u0131tma ve So\u011futma Tesisat\u0131<\/li>\n<\/ul>\n<\/td>\n<td width=\"331\">\n<ul>\n<li>Do\u011falgaz Sistemi<\/li>\n<\/ul>\n<\/td>\n<\/tr>\n<tr>\n<td width=\"331\">\n<ul>\n<li>Borulama Tesisat\u0131<\/li>\n<\/ul>\n<\/td>\n<td width=\"331\">\n<ul>\n<li>Havuz Sistemi ve S\u00fcs Havuzlar\u0131<\/li>\n<\/ul>\n<\/td>\n<\/tr>\n<tr>\n<td width=\"331\">\n<ul>\n<li>Buhar ve K\u0131zg\u0131n Su Sistemleri<\/li>\n<\/ul>\n<\/td>\n<td width=\"331\">\n<ul>\n<li>Bah\u00e7e Sulama Sistemi<\/li>\n<\/ul>\n<\/td>\n<\/tr>\n<tr>\n<td width=\"331\">\n<ul>\n<li>S\u0131hhi Tesisat ve Su Ar\u0131tma<\/li>\n<\/ul>\n<\/td>\n<td width=\"331\">\n<ul>\n<li>Is\u0131 Geri Kazan\u0131m Sistemleri<\/li>\n<\/ul>\n<\/td>\n<\/tr>\n<tr>\n<td width=\"331\">\n<ul>\n<li>Yang\u0131n Tesisat\u0131<\/li>\n<\/ul>\n<\/td>\n<td width=\"331\">\n<ul>\n<li>Medikal Uygulamalar<\/li>\n<\/ul>\n<\/td>\n<\/tr>\n<tr>\n<td width=\"331\">\n<ul>\n<li>Otomatik Kontrol ve Bina Otomasyonu<\/li>\n<\/ul>\n<\/td>\n<td width=\"331\">\n<ul>\n<li>Temiz Oda Sistemleri<\/li>\n<\/ul>\n<\/td>\n<\/tr>\n<\/tbody>\n<\/table>\n","protected":false},"excerpt":{"rendered":"<p>Havaland\u0131rma Tesisat\u0131 G\u00fcne\u015f Enerji Sistemi Is\u0131tma ve So\u011futma Tesisat\u0131 Do\u011falgaz Sistemi Borulama Tesisat\u0131 Havuz Sistemi ve S\u00fcs Havuzlar\u0131 Buhar ve K\u0131zg\u0131n Su Sistemleri Bah\u00e7e Sulama Sistemi S\u0131hhi Tesisat ve Su Ar\u0131tma Is\u0131 Geri Kazan\u0131m Sistemleri Yang\u0131n Tesisat\u0131 Medikal Uygulamalar Otomatik<\/p>\n","protected":false},"author":1,"featured_media":0,"parent":0,"menu_order":0,"comment_status":"closed","ping_status":"closed","template":"","meta":{"footnotes":""},"class_list":["post-1359","page","type-page","status-publish","hentry"],"_links":{"self":[{"href":"http:\/\/www.biltech.net\/index.php\/wp-json\/wp\/v2\/pages\/1359","targetHints":{"allow":["GET"]}}],"collection":[{"href":"http:\/\/www.biltech.net\/index.php\/wp-json\/wp\/v2\/pages"}],"about":[{"href":"http:\/\/www.biltech.net\/index.php\/wp-json\/wp\/v2\/types\/page"}],"author":[{"embeddable":true,"href":"http:\/\/www.biltech.net\/index.php\/wp-json\/wp\/v2\/users\/1"}],"replies":[{"embeddable":true,"href":"http:\/\/www.biltech.net\/index.php\/wp-json\/wp\/v2\/comments?post=1359"}],"version-history":[{"count":19,"href":"http:\/\/www.biltech.net\/index.php\/wp-json\/wp\/v2\/pages\/1359\/revisions"}],"predecessor-version":[{"id":1415,"href":"http:\/\/www.biltech.net\/index.php\/wp-json\/wp\/v2\/pages\/1359\/revisions\/1415"}],"wp:attachment":[{"href":"http:\/\/www.biltech.net\/index.php\/wp-json\/wp\/v2\/media?parent=1359"}],"curies":[{"name":"wp","href":"https:\/\/api.w.org\/{rel}","templated":true}]}}